{"id":143,"date":"2016-03-15T13:29:35","date_gmt":"2016-03-15T12:29:35","guid":{"rendered":"http:\/\/castello.webag.it\/fr\/linverno-al-castello\/"},"modified":"2016-05-03T14:28:36","modified_gmt":"2016-05-03T12:28:36","slug":"l-hiver-au-chateau","status":"publish","type":"page","link":"https:\/\/www.castellodiproceno.it\/fr\/le-chateau\/l-hiver-au-chateau\/","title":{"rendered":"L&rsquo;hiver au ch\u00e2teau"},"content":{"rendered":"<p><em>Venir au ch\u00e2teau en hiver vous fait d\u00e9couvrir des sensations desquelles \u2013 comme citadin \u2013 vous avez seulement entendu parler.<\/em> Le petit bourg de Proceno vous accueil alors sous une lumi\u00e8re plus vraie. L&rsquo;unique bar du lieu est seulement fr\u00e9quent\u00e9 par des indig\u00e8nes qui jouent aux cartes en regardant parfois un peu la TV qui marche toujours. Les routes sont d\u00e9sertes et l&rsquo;on peut sentir les feux des chemin\u00e9es et des chauffages qui sont en marche partout, parce qu&rsquo;ici, le bois est toujours le combustible le plus utilis\u00e9. Pendant les mois d&rsquo;hiver vous rencontrerez seulement les indig\u00e8nes peu nombreux.<\/p>\n<blockquote><p>\u00ab\u00a0Prenez la route moins fr\u00e9quent\u00e9e et cela va faire toute la diff\u00e9rence\u00a0\u00bb (Robert Frost). Vous d\u00e9couvrirez de nouvelles impulsions pour votre \u00e2me et l&rsquo;esprit.<\/p><\/blockquote>\n<p>Tous les appartements et suites ont une chemin\u00e9e qui est r\u00e9guli\u00e8rement remplie de bois. Devant la grande chemin\u00e9e de l&rsquo;\u0152noth\u00e8que vous pourrez r\u00f4tir des ch\u00e2taignes et les d\u00e9guster ensemble avec un bon verre de vin et profiter, peut-\u00eatre, d&rsquo;un cours de cuisine dans l&rsquo;antique cuisine du ch\u00e2teau, o\u00f9 \u2013 entre autres \u2013 une v\u00e9n\u00e9rable dame du village vous apprendra \u00e0 faire les p\u00e2tes maison. Il est aussi possible d&rsquo;aller skier au Mont Amiata. Ses pentes cr\u00e9es par un ancien volcan sont \u00e9galement riches en sources d&rsquo;eau thermale o\u00f9 il fait bon se d\u00e9tendre. Il y a des villages \u00e9trusques \u00e0 visiter qui semblent suspendus dans la brume matinale de la saison, et vous trouverez des lieux fameux pour manger de croquantes \u00ab\u00a0bruschette\u00a0\u00bb devant une chemin\u00e9e \u00e9tincelante.<\/p>\n<p><img loading=\"lazy\" decoding=\"async\" class=\"alignnone size-full wp-image-314\" src=\"http:\/\/castello.webag.it\/wp-content\/uploads\/2016\/03\/immagini-inverno-castello.jpg\" alt=\"immagini-inverno-castello\" width=\"847\" height=\"200\" srcset=\"https:\/\/www.castellodiproceno.it\/wp-content\/uploads\/2016\/03\/immagini-inverno-castello.jpg 847w, https:\/\/www.castellodiproceno.it\/wp-content\/uploads\/2016\/03\/immagini-inverno-castello-300x71.jpg 300w, https:\/\/www.castellodiproceno.it\/wp-content\/uploads\/2016\/03\/immagini-inverno-castello-150x35.jpg 150w, https:\/\/www.castellodiproceno.it\/wp-content\/uploads\/2016\/03\/immagini-inverno-castello-210x50.jpg 210w\" sizes=\"auto, (max-width: 847px) 100vw, 847px\" \/><\/p>\n<p>No\u00ebl au ch\u00e2teau est la f\u00eate la plus traditionnelle que vous pourrez imaginer. Tous les appartements sont d\u00e9cor\u00e9s. Nouvel-An est f\u00eat\u00e9 dans la chaude atmosph\u00e8re de l&rsquo;\u0152noth\u00e8que est plus tard dans la soir\u00e9e, les h\u00f4tes sont invit\u00e9s \u00e0 se rendre dans l&rsquo;appartement des propri\u00e9taires pour faire sant\u00e9 autour d&rsquo;un grand arbre de No\u00ebl avec de vraies bougies.<\/p>\n","protected":false},"excerpt":{"rendered":"<p>Pendant les mois d&rsquo;hiver vous rencontrerez seulement les indig\u00e8nes peu nombreux.<\/p>\n","protected":false},"author":1,"featured_media":552,"parent":207,"menu_order":0,"comment_status":"closed","ping_status":"closed","template":"","meta":{"_acf_changed":false,"footnotes":""},"class_list":["post-143","page","type-page","status-publish","has-post-thumbnail","hentry"],"acf":[],"aioseo_notices":[],"_links":{"self":[{"href":"https:\/\/www.castellodiproceno.it\/fr\/wp-json\/wp\/v2\/pages\/143","targetHints":{"allow":["GET"]}}],"collection":[{"href":"https:\/\/www.castellodiproceno.it\/fr\/wp-json\/wp\/v2\/pages"}],"about":[{"href":"https:\/\/www.castellodiproceno.it\/fr\/wp-json\/wp\/v2\/types\/page"}],"author":[{"embeddable":true,"href":"https:\/\/www.castellodiproceno.it\/fr\/wp-json\/wp\/v2\/users\/1"}],"replies":[{"embeddable":true,"href":"https:\/\/www.castellodiproceno.it\/fr\/wp-json\/wp\/v2\/comments?post=143"}],"version-history":[{"count":0,"href":"https:\/\/www.castellodiproceno.it\/fr\/wp-json\/wp\/v2\/pages\/143\/revisions"}],"up":[{"embeddable":true,"href":"https:\/\/www.castellodiproceno.it\/fr\/wp-json\/wp\/v2\/pages\/207"}],"wp:featuredmedia":[{"embeddable":true,"href":"https:\/\/www.castellodiproceno.it\/fr\/wp-json\/wp\/v2\/media\/552"}],"wp:attachment":[{"href":"https:\/\/www.castellodiproceno.it\/fr\/wp-json\/wp\/v2\/media?parent=143"}],"curies":[{"name":"wp","href":"https:\/\/api.w.org\/{rel}","templated":true}]}}

L&rsquo;hiver au château

<p><em>Venir au château en hiver vous fait découvrir des sensations desquelles – comme citadin – vous avez seulement entendu parler.</em> Le petit bourg de Proceno vous accueil alors sous une lumière plus vraie. L&rsquo;unique bar du lieu est seulement fréquenté par des indigènes qui jouent aux cartes en regardant parfois un peu la TV qui marche toujours. Les routes sont désertes et l&rsquo;on peut sentir les feux des cheminées et des chauffages qui sont en marche partout, parce qu&rsquo;ici, le bois est toujours le combustible le plus utilisé. Pendant les mois d&rsquo;hiver vous rencontrerez seulement les indigènes peu nombreux.</p>
<blockquote><p>« Prenez la route moins fréquentée et cela va faire toute la différence » (Robert Frost). Vous découvrirez de nouvelles impulsions pour votre âme et l&rsquo;esprit.</p></blockquote>
<p>Tous les appartements et suites ont une cheminée qui est régulièrement remplie de bois. Devant la grande cheminée de l&rsquo;Œnothèque vous pourrez rôtir des châtaignes et les déguster ensemble avec un bon verre de vin et profiter, peut-être, d&rsquo;un cours de cuisine dans l&rsquo;antique cuisine du château, où – entre autres – une vénérable dame du village vous apprendra à faire les pâtes maison. Il est aussi possible d&rsquo;aller skier au Mont Amiata. Ses pentes crées par un ancien volcan sont également riches en sources d&rsquo;eau thermale où il fait bon se détendre. Il y a des villages étrusques à visiter qui semblent suspendus dans la brume matinale de la saison, et vous trouverez des lieux fameux pour manger de croquantes « bruschette » devant une cheminée étincelante.</p>
<p><img loading="lazy" decoding="async" class="alignnone size-full wp-image-314" src="http://castello.webag.it/wp-content/uploads/2016/03/immagini-inverno-castello.jpg" alt="immagini-inverno-castello" width="847" height="200" srcset="https://www.castellodiproceno.it/wp-content/uploads/2016/03/immagini-inverno-castello.jpg 847w, https://www.castellodiproceno.it/wp-content/uploads/2016/03/immagini-inverno-castello-300x71.jpg 300w, https://www.castellodiproceno.it/wp-content/uploads/2016/03/immagini-inverno-castello-150x35.jpg 150w, https://www.castellodiproceno.it/wp-content/uploads/2016/03/immagini-inverno-castello-210x50.jpg 210w" sizes="auto, (max-width: 847px) 100vw, 847px" /></p>
<p>Noël au château est la fête la plus traditionnelle que vous pourrez imaginer. Tous les appartements sont décorés. Nouvel-An est fêté dans la chaude atmosphère de l&rsquo;Œnothèque est plus tard dans la soirée, les hôtes sont invités à se rendre dans l&rsquo;appartement des propriétaires pour faire santé autour d&rsquo;un grand arbre de Noël avec de vraies bougies.</p>

<p>Pendant les mois d&rsquo;hiver vous rencontrerez seulement les indigènes peu nombreux.</p>
